{"id":552,"date":"2022-09-07T08:24:13","date_gmt":"2022-09-07T06:24:13","guid":{"rendered":"http:\/\/www.sipat.net\/?page_id=552"},"modified":"2022-09-08T16:18:20","modified_gmt":"2022-09-08T14:18:20","slug":"progettazione","status":"publish","type":"page","link":"http:\/\/www.sipat.net\/index.php\/progettazione\/","title":{"rendered":"Progettazione"},"content":{"rendered":"\n<figure class=\"wp-block-image size-full\"><img loading=\"lazy\" decoding=\"async\" width=\"1444\" height=\"553\" src=\"http:\/\/www.sipat.net\/wp-content\/uploads\/2022\/09\/progettazione.jpg\" alt=\"\" class=\"wp-image-562\"\/><\/figure>\n\n\n\n<p>La progettazione \u00e8 la prima delle 3 fasi ottimali individuate da SIPAT per fornire al cliente non solo un prodotto ma anche un servizio.<\/p>\n\n\n\n<p>La qualit\u00e0 di un progetto, infatti, \u00e8 essenziale per ottenere risultati in qualunque campo e specialmente in automazione.<\/p>\n\n\n\n<p>Partire da un progetto ben fatto, frutto di esperienze decennali, significa avere risultati immediati e una possibilit\u00e0 di sviluppo delle caratteristiche tecniche , che altrimenti non sono possibili.<\/p>\n\n\n\n<p><strong><em>SIPAT<\/em><\/strong> , in questo senso \u00e8 un partner affidabile ed ogni sua realizzazione \u00e8 studiata per soddisfare le esigenze del cliente in modo &#8220;sartoriale&#8221;, \u00e8 la qualit\u00e0 artigianale applicata al mondo automotive<\/p>\n","protected":false},"excerpt":{"rendered":"<p>La progettazione \u00e8 la prima delle 3 fasi ottimali individuate da SIPAT per fornire al cliente non solo un prodotto ma anche un servizio. La qualit\u00e0 di un progetto, infatti, \u00e8 essenziale per ottenere risultati in qualunque campo e specialmente in automazione. Partire da un progetto ben fatto, frutto di esperienze decennali, significa avere risultati [&hellip;]<\/p>\n","protected":false},"author":1,"featured_media":0,"parent":0,"menu_order":0,"comment_status":"closed","ping_status":"closed","template":"","meta":{"footnotes":""},"class_list":["post-552","page","type-page","status-publish","czr-hentry"],"_links":{"self":[{"href":"http:\/\/www.sipat.net\/index.php\/wp-json\/wp\/v2\/pages\/552","targetHints":{"allow":["GET"]}}],"collection":[{"href":"http:\/\/www.sipat.net\/index.php\/wp-json\/wp\/v2\/pages"}],"about":[{"href":"http:\/\/www.sipat.net\/index.php\/wp-json\/wp\/v2\/types\/page"}],"author":[{"embeddable":true,"href":"http:\/\/www.sipat.net\/index.php\/wp-json\/wp\/v2\/users\/1"}],"replies":[{"embeddable":true,"href":"http:\/\/www.sipat.net\/index.php\/wp-json\/wp\/v2\/comments?post=552"}],"version-history":[{"count":3,"href":"http:\/\/www.sipat.net\/index.php\/wp-json\/wp\/v2\/pages\/552\/revisions"}],"predecessor-version":[{"id":649,"href":"http:\/\/www.sipat.net\/index.php\/wp-json\/wp\/v2\/pages\/552\/revisions\/649"}],"wp:attachment":[{"href":"http:\/\/www.sipat.net\/index.php\/wp-json\/wp\/v2\/media?parent=552"}],"curies":[{"name":"wp","href":"https:\/\/api.w.org\/{rel}","templated":true}]}}